{"id":1473,"date":"2023-11-14T20:42:07","date_gmt":"2023-11-14T19:42:07","guid":{"rendered":"https:\/\/renovedith.fr\/?page_id=1473"},"modified":"2023-11-22T01:56:37","modified_gmt":"2023-11-22T00:56:37","slug":"coffres-declairage","status":"publish","type":"page","link":"https:\/\/renovedith.fr\/?page_id=1473","title":{"rendered":"coffres d&#8217;\u00e9clairage"},"content":{"rendered":"\n<p>Un coffre d&#8217;\u00e9clairage <strong>apportera une ambiance lumineuse confortable<\/strong> <strong>dans toute pi\u00e8ce<\/strong>. De plus, en utilisant les derni\u00e8res technologies \u00e0 led, vous r\u00e9duirez votre consommation \u00e9lectrique. <\/p>\n\n\n\n<figure class=\"wp-block-gallery has-nested-images columns-default is-cropped wp-block-gallery-1 is-layout-flex wp-block-gallery-is-layout-flex\">\n<figure class=\"wp-block-image size-large\"><img loading=\"lazy\" decoding=\"async\" width=\"768\" height=\"1024\" data-id=\"1395\" src=\"https:\/\/renovedith.fr\/wp-content\/uploads\/2023\/11\/photos-mulhouse-272-768x1024.jpg\" alt=\"\" class=\"wp-image-1395\" srcset=\"https:\/\/renovedith.fr\/wp-content\/uploads\/2023\/11\/photos-mulhouse-272-768x1024.jpg 768w, https:\/\/renovedith.fr\/wp-content\/uploads\/2023\/11\/photos-mulhouse-272-225x300.jpg 225w, https:\/\/renovedith.fr\/wp-content\/uploads\/2023\/11\/photos-mulhouse-272-1152x1536.jpg 1152w, https:\/\/renovedith.fr\/wp-content\/uploads\/2023\/11\/photos-mulhouse-272-1536x2048.jpg 1536w, https:\/\/renovedith.fr\/wp-content\/uploads\/2023\/11\/photos-mulhouse-272-scaled.jpg 1920w\" sizes=\"(max-width: 768px) 100vw, 768px\" \/><\/figure>\n\n\n\n<figure class=\"wp-block-image size-large\"><img loading=\"lazy\" decoding=\"async\" width=\"768\" height=\"1024\" data-id=\"1430\" src=\"https:\/\/renovedith.fr\/wp-content\/uploads\/2023\/11\/photos-mulhouse-269-768x1024.jpg\" alt=\"\" class=\"wp-image-1430\" srcset=\"https:\/\/renovedith.fr\/wp-content\/uploads\/2023\/11\/photos-mulhouse-269-768x1024.jpg 768w, https:\/\/renovedith.fr\/wp-content\/uploads\/2023\/11\/photos-mulhouse-269-225x300.jpg 225w, https:\/\/renovedith.fr\/wp-content\/uploads\/2023\/11\/photos-mulhouse-269-1152x1536.jpg 1152w, https:\/\/renovedith.fr\/wp-content\/uploads\/2023\/11\/photos-mulhouse-269.jpg 1536w\" sizes=\"(max-width: 768px) 100vw, 768px\" \/><\/figure>\n\n\n\n<figure class=\"wp-block-image size-large\"><img loading=\"lazy\" decoding=\"async\" width=\"768\" height=\"1024\" data-id=\"1431\" src=\"https:\/\/renovedith.fr\/wp-content\/uploads\/2023\/11\/photos-mulhouse-278-768x1024.jpg\" alt=\"\" class=\"wp-image-1431\" srcset=\"https:\/\/renovedith.fr\/wp-content\/uploads\/2023\/11\/photos-mulhouse-278-768x1024.jpg 768w, https:\/\/renovedith.fr\/wp-content\/uploads\/2023\/11\/photos-mulhouse-278-225x300.jpg 225w, https:\/\/renovedith.fr\/wp-content\/uploads\/2023\/11\/photos-mulhouse-278-1152x1536.jpg 1152w, https:\/\/renovedith.fr\/wp-content\/uploads\/2023\/11\/photos-mulhouse-278.jpg 1536w\" sizes=\"(max-width: 768px) 100vw, 768px\" \/><\/figure>\n\n\n\n<figure class=\"wp-block-image size-large\"><img loading=\"lazy\" decoding=\"async\" width=\"1024\" height=\"826\" data-id=\"1432\" src=\"https:\/\/renovedith.fr\/wp-content\/uploads\/2023\/11\/IMG_20220626_154320_367-1024x826.jpg\" alt=\"\" class=\"wp-image-1432\" srcset=\"https:\/\/renovedith.fr\/wp-content\/uploads\/2023\/11\/IMG_20220626_154320_367-1024x826.jpg 1024w, https:\/\/renovedith.fr\/wp-content\/uploads\/2023\/11\/IMG_20220626_154320_367-300x242.jpg 300w, https:\/\/renovedith.fr\/wp-content\/uploads\/2023\/11\/IMG_20220626_154320_367-768x619.jpg 768w, https:\/\/renovedith.fr\/wp-content\/uploads\/2023\/11\/IMG_20220626_154320_367-1536x1239.jpg 1536w, https:\/\/renovedith.fr\/wp-content\/uploads\/2023\/11\/IMG_20220626_154320_367-2048x1652.jpg 2048w\" sizes=\"(max-width: 1024px) 100vw, 1024px\" \/><\/figure>\n\n\n\n<figure class=\"wp-block-image size-large\"><img loading=\"lazy\" decoding=\"async\" width=\"768\" height=\"1024\" data-id=\"1435\" src=\"https:\/\/renovedith.fr\/wp-content\/uploads\/2023\/11\/IMG_20220626_154402_077-768x1024.jpg\" alt=\"\" class=\"wp-image-1435\" srcset=\"https:\/\/renovedith.fr\/wp-content\/uploads\/2023\/11\/IMG_20220626_154402_077-768x1024.jpg 768w, https:\/\/renovedith.fr\/wp-content\/uploads\/2023\/11\/IMG_20220626_154402_077-225x300.jpg 225w, https:\/\/renovedith.fr\/wp-content\/uploads\/2023\/11\/IMG_20220626_154402_077-1152x1536.jpg 1152w, https:\/\/renovedith.fr\/wp-content\/uploads\/2023\/11\/IMG_20220626_154402_077-1536x2048.jpg 1536w, https:\/\/renovedith.fr\/wp-content\/uploads\/2023\/11\/IMG_20220626_154402_077-scaled.jpg 1920w\" sizes=\"(max-width: 768px) 100vw, 768px\" \/><\/figure>\n\n\n\n<figure class=\"wp-block-image size-large\"><img loading=\"lazy\" decoding=\"async\" width=\"1024\" height=\"763\" data-id=\"1433\" src=\"https:\/\/renovedith.fr\/wp-content\/uploads\/2023\/11\/IMG_20220626_154450_152-1024x763.jpg\" alt=\"\" class=\"wp-image-1433\" srcset=\"https:\/\/renovedith.fr\/wp-content\/uploads\/2023\/11\/IMG_20220626_154450_152-1024x763.jpg 1024w, https:\/\/renovedith.fr\/wp-content\/uploads\/2023\/11\/IMG_20220626_154450_152-300x223.jpg 300w, https:\/\/renovedith.fr\/wp-content\/uploads\/2023\/11\/IMG_20220626_154450_152-768x572.jpg 768w, https:\/\/renovedith.fr\/wp-content\/uploads\/2023\/11\/IMG_20220626_154450_152-1536x1144.jpg 1536w, https:\/\/renovedith.fr\/wp-content\/uploads\/2023\/11\/IMG_20220626_154450_152-2048x1525.jpg 2048w\" sizes=\"(max-width: 1024px) 100vw, 1024px\" \/><\/figure>\n\n\n\n<figure class=\"wp-block-image size-large\"><img loading=\"lazy\" decoding=\"async\" width=\"996\" height=\"1024\" data-id=\"1434\" src=\"https:\/\/renovedith.fr\/wp-content\/uploads\/2023\/11\/Sans-titre-996x1024.jpg\" alt=\"\" class=\"wp-image-1434\" srcset=\"https:\/\/renovedith.fr\/wp-content\/uploads\/2023\/11\/Sans-titre-996x1024.jpg 996w, https:\/\/renovedith.fr\/wp-content\/uploads\/2023\/11\/Sans-titre-292x300.jpg 292w, https:\/\/renovedith.fr\/wp-content\/uploads\/2023\/11\/Sans-titre-768x789.jpg 768w, https:\/\/renovedith.fr\/wp-content\/uploads\/2023\/11\/Sans-titre-1495x1536.jpg 1495w, https:\/\/renovedith.fr\/wp-content\/uploads\/2023\/11\/Sans-titre-1993x2048.jpg 1993w\" sizes=\"(max-width: 996px) 100vw, 996px\" \/><\/figure>\n<\/figure>\n","protected":false},"excerpt":{"rendered":"<p>Un coffre d&#8217;\u00e9clairage apportera une ambiance lumineuse confortable dans toute pi\u00e8ce. De plus, en utilisant les derni\u00e8res technologies \u00e0 led, vous r\u00e9duirez votre consommation \u00e9lectrique.<\/p>\n","protected":false},"author":1,"featured_media":0,"parent":0,"menu_order":0,"comment_status":"closed","ping_status":"closed","template":"","meta":{"footnotes":""},"_links":{"self":[{"href":"https:\/\/renovedith.fr\/index.php?rest_route=\/wp\/v2\/pages\/1473"}],"collection":[{"href":"https:\/\/renovedith.fr\/index.php?rest_route=\/wp\/v2\/pages"}],"about":[{"href":"https:\/\/renovedith.fr\/index.php?rest_route=\/wp\/v2\/types\/page"}],"author":[{"embeddable":true,"href":"https:\/\/renovedith.fr\/index.php?rest_route=\/wp\/v2\/users\/1"}],"replies":[{"embeddable":true,"href":"https:\/\/renovedith.fr\/index.php?rest_route=%2Fwp%2Fv2%2Fcomments&post=1473"}],"version-history":[{"count":2,"href":"https:\/\/renovedith.fr\/index.php?rest_route=\/wp\/v2\/pages\/1473\/revisions"}],"predecessor-version":[{"id":1476,"href":"https:\/\/renovedith.fr\/index.php?rest_route=\/wp\/v2\/pages\/1473\/revisions\/1476"}],"wp:attachment":[{"href":"https:\/\/renovedith.fr\/index.php?rest_route=%2Fwp%2Fv2%2Fmedia&parent=1473"}],"curies":[{"name":"wp","href":"https:\/\/api.w.org\/{rel}","templated":true}]}}